hat is 0 - 11032101?
-11032101
In base 14, what is 33 + 188?
1bb
In base 4, what is -103 + 11302312?
11302203
In base 3, what is 2 + -1121011112?
-1121011110
In base 11, what is -9 - -48047?
48039
In base 16, what is 5c + -1033?
-fd7
In base 11, what is -39 - 1244?
-1282
In base 7, what is -3 - -1650112?
1650106
In base 14, what is -1b7 + 116d?
d96
In base 7, what is 23 - 250636?
-250613
In base 4, what is -313212 + -23?
-313301
In base 14, what is 10 + -4aa34?
-4aa24
In base 12, what is -4 + -b70?
-b74
In base 7, what is 1440310 - 2?
1440305
In base 9, what is 141 + -8772?
-8631
In base 13, what is c - 3047?
-3038
In base 14, what is 0 - 796?
-796
In base 6, what is 1112 + 303?
1415
In base 9, what is -5 + 54557?
54552
In base 2, what is 101 + 11001011000?
11001011101
In base 7, what is 4 - -32245?
32252
In base 12, what is -12884 - -3?
-12881
In base 8, what is 101350 + 2?
101352
In base 14, what is -a - -a9d3?
a9c7
In base 6, what is -1155055 + -15?
-1155114
In base 9, what is -18 - 300426?
-300445
In base 13, what is -1c8 - 10?
-208
In base 9, what is -8412 - -1?
-8411
In base 11, what is a - -948?
957
In base 3, what is -21020120012 + -10?
-21020120022
In base 16, what is -111 + 53?
-be
In base 9, what is -11 - -7457?
7446
In base 6, what is -313 + 4143?
3430
In base 5, what is 24431 + -100440?
-21004
In base 15, what is c - 47ceb?
-47cde
In base 7, what is -441 - -2530?
2056
In base 11, what is 39 + -11056?
-11018
In base 8, what is -131617 - -1?
-131616
In base 10, what is -282 - 1377?
-1659
In base 10, what is -8 + 158003?
157995
In base 6, what is -140125 + 55?
-140030
In base 8, what is -3 - -405242?
405237
In base 7, what is 1064323 + 10?
1064333
In base 8, what is 47271 + -1?
47270
In base 6, what is 25444 - -13?
25501
In base 7, what is -5 - 423452?
-423460
In base 3, what is 11102200 - 112020?
10220110
In base 16, what is -655b - -5?
-6556
In base 7, what is -66 - -14623?
14524
In base 5, what is -3213103 + 10?
-3213043
In base 6, what is 0 + 15240?
15240
In base 10, what is 2 - -1063630?
1063632
In base 8, what is -617272 + 4?
-617266
In base 11, what is -493 - -6?
-488
In base 13, what is -14803 - -4?
-147cc
In base 14, what is -2 - -339c?
339a
In base 11, what is 230840 - -14?
230854
In base 6, what is 1 - 2222354?
-2222353
In base 13, what is 2350 + 268?
25b8
In base 14, what is 34a + -8?
342
In base 7, what is -24304 - 1?
-24305
In base 12, what is 87 + -ab?
-24
In base 3, what is 12 + 12210221?
12211010
In base 2, what is 11 + -100101001110110001101?
-100101001110110001010
In base 12, what is -5 - -13957?
13952
In base 12, what is -4 + -5b64?
-5b68
In base 5, what is 3 + -43102342?
-43102334
In base 13, what is 86 - 392c?
-3876
In base 11, what is 3231 + 9?
323a
In base 14, what is -dc0 - 75?
-1055
In base 3, what is -11101012 + -120?
-11101202
In base 10, what is -17780 - -3?
-17777
In base 16, what is 6 - 2c2e?
-2c28
In base 13, what is 7c + 12c?
1ab
In base 13, what is -78 + -258?
-303
In base 10, what is -390011 - -2?
-390009
In base 16, what is -4997 - -e1?
-48b6
In base 12, what is 11b3 - 67?
1148
In base 2, what is -10010 - 1010000001000110?
-1010000001011000
In base 11, what is -7883 - 6?
-7889
In base 14, what is -13 + 4c7a4?
4c791
In base 10, what is 5061 + -7?
5054
In base 11, what is -36732 + -23?
-36755
In base 10, what is 60757 + -18?
60739
In base 9, what is 3 + -153463?
-153460
In base 13, what is -b - -7118?
710a
In base 13, what is 2 - 16236?
-16234
In base 7, what is -51335460 - 1?
-51335461
In base 2, what is -100000011011001110000110 + 1?
-100000011011001110000101
In base 4, what is 1 + -32102233?
-32102232
In base 9, what is 5437 + 34?
5472
In base 15, what is -1 - -22041?
22040
In base 6, what is -504 - 51?
-555
In base 5, what is -1 + -424030?
-424031
In base 6, what is 123 + -114215?
-114052
In base 3, what is -200012 - -211?
-122101
In base 6, what is -41442 - -111?
-41331
In base 11, what is 949482 - -2?
949484
In base 10, what is 4 + -545100?
-545096
In base 4, what is 3100320312 - 11?
3100320301
In base 16, what is -1a5db + 2?
-1a5d9
In base 5, what is -123 - 1321412?
-1322040
In base 12, what is -2 + -b35b8?
-b35ba
In base 4, what is 11 + -20102?
-20031
In base 12, what is -23ba9 - -3?
-23ba6
In base 4, what is 2112 + 1203?
3321
In base 15, what is 5764 + -2d?
5736
In base 4, what is -100320031 + 2?
-100320023
In base 13, what is b - -50a?
518
In base 3, what is -21011220111 - -11?
-21011220100
In base 12, what is -1481 + -4?
-1485
In base 9, what is -14306 + 5?
-14301
In base 5, what is -31412204 - -11?
-31412143
In base 13, what is -26c717 - -2?
-26c715
In base 3, what is 2102 + 211011?
220120
In base 7, what is -14420216 + -1?
-14420220
In base 5, what is -20 + -32010?
-32030
In base 10, what is 814 - 101?
713
In base 3, what is -121201 + 120022?
-1102
In base 4, what is -3 - -200010302?
200010233
In base 12, what is 20 + -6bb?
-69b
In base 14, what is 91 - 53b?
-48a
In base 12, what is 4 - b9958?
-b9954
In base 6, what is -2544200 + 14?
-2544142
In base 12, what is 570 + -23?
549
In base 5, what is -12124 - 43320?
-110444
In base 3, what is -1121002211 - 11?
-1121002222
In base 5, what is 1433 - -1134?
3122
In base 2, what is 1011110 + 1000101010000001?
1000101011011111
In base 12, what is 25 + 2b90?
2bb5
In base 9, what is 2447 - 27?
2420
In base 7, what is 12 + 52455?
52500
In base 4, what is -11220102 + -1?
-11220103
In base 2, what is -1 - 1110010010111001?
-1110010010111010
In base 10, what is -3071 - 100?
-3171
In base 2, what is -111101010101110010 + 11?
-111101010101101111
In base 5, what is 212 + -2433202?
-2432440
In base 11, what is 21 - 2501?
-2490
In base 13, what is -c5 - -63?
-62
In base 15, what is 3a636 + -1?
3a635
In base 13, what is ab8c - 1?
ab8b
In base 4, what is -123001 - 31?
-123032
In base 6, what is 143512 - 3?
143505
In base 12, what is -1376739 - 5?
-1376742
In base 7, what is 150 - -440?
620
In base 9, what is -20347 - -3?
-20344
In base 15, what is 0 - 180e05?
-180e05
In base 16, what is 4 + 828?
82c
In base 10, what is -122652 + -3?
-122655
In base 7, what is 451346 - -2?
451351
In base 15, what is 12 - -7340?
7352
In base 5, what is 110 - -304311?
304421
In base 2, what is -11110101000101 - -11001001?
-11110001111100
In base 6, what is 2 + 1050001?
1050003
In base 15, what is 14 - 52a0?
-528b
In base 11, what is 4 + -71a91?
-71a88
In base 12, what is 29 + 12640?
12669
In base 11, what is 2028 - -16?
2043
In base 14, what is 314 + 13d5?
1709
In base 14, what is a + a16?
a22
In base 6, what is -2530 - 1253?
-4223
In base 8, what is 24 - 747?
-723
In base 10, what is -2743 + -21?
-2764
In base 2, what is -10000100110101111 + 1?
-10000100110101110
In base 14, what is -14c4b3 - -4?
-14c4ad
In base 9, what is -13817 - 564?
-14482
In base 5, what is 1432402 + 24?
1432431
In base 11, what is 5 + 43997?
439a1
In base 2, what is 101001110100 + 1101000?
101011011100
In base 6, what is -145 + 2425?
2240
In base 4, what is -1232203 + 0?
-1232203
In base 4, what is 1230 - 33130333?
-33123103
In base 15, what is -1025b - 4?
-10260
In base 4, what is 1 + 131133110?
131133111
In base 13, what is -482 + 86?
-3c9
In base 4, what is -100013322000 + 3?
-100013321331
In base 8, what is -3150 + 1007?
-2141
In base 5, what is 103 + 22231224?
22231332
In base 14, what is -8 - 2d66?
-2d70
In base 3, what is 210210102012 + 100?
210210102112
In base 14, what is -437b - -d?
-436c
In base 9, what is 3 - 226070?
-226066
In base 16, what is -4a7 - -ba?
-3ed
In base 8, what is -1170 - 1160?
-2350
In base 2, what is 0 + -101000010011011?
-101000010011011
In base 13, what is -45588 + -4?
-4558c
In base 3, what is 110 - -2211010?
2211120
In base 4, what is 30 - -23321212?
23321302
In base 13, what is 608b + 80?
613b
In base 11, what is -117 - -176?
5a
In base 8, what is 161573 - -4?
161577
In base 14, what is -d6c9 + 1c?
-d6ab
In base 5, what is 12444033 - 10?
12444023
In base 6, what is -51 - 131222?
-131313
In base 5, what is -103 + 403220?
403112
In base 14, what is -3 - 110d0?
-110d3
In base 9, what is 287346 + 14?
287361
In base 9, what is 1805524 - -4?
1805528
In base 13, what is 1 - -68331?
68332
In base 9, what is -136073 - 16?
-136100
In base 11, what is -4 + 7a84?
7a80
In base 15